= 3*k**2 - 112*k + 291. Determine y(34).
-49
Let m(u) = 2*u**3 + 21*u**2 + 243*u + 2333. What is m(-10)?
3
Let m(w) = -w**3 + 13*w**2 - 8*w - 14. Calculate m(11).
140
Let v(o) = -57*o + 17. Calculate v(4).
-211
Let j(w) = -14*w**2 + 38*w - 4. Calculate j(2).
16
Let b(x) = -50*x**3 + 3*x**2 + 2*x - 5. Calculate b(1).
-50
Let l(i) = -2*i**3 + 9*i**2 - 4*i + 291. Calculate l(7).
18
Let i(f) = -35*f**2 + 12*f - 19. Give i(2).
-135
Let d(r) = -5*r - 476. Determine d(-93).
-11
Let v(n) = -29*n**2 - 274*n + 817. Determine v(3).
-266
Let j(o) = 5*o - 120. What is j(-16)?
-200
Let w(k) = -454*k + 18648. Determine w(41).
34
Let a(r) = 3*r**3 - 39*r**2 + 24*r + 21. What is a(12)?
-123
Let s(f) = -f**3 - 7*f**2 + 168*f + 701. Determine s(-4).
-19
Let a(n) = -89*n + 3001. Give a(33).
64
Let h(n) = 2*n**2 + 60*n + 423. Determine h(-12).
-9
Let d(q) = q**2 - 100*q + 99. Give d(99).
0
Let r(y) = 2*y**3 - 32*y**2 + 3*y - 52. What is r(16)?
-4
Let z(w) = 5498*w + 5491. Calculate z(-1).
-7
Let s(f) = 19*f**3 + 197*f**2 + 485*f. What is s(-4)?
-4
Let i(b) = -109*b - 969. Calculate i(-9).
12
Let q(p) = p**2 - 20*p - 1030. Determine q(44).
26
Let m(q) = -2*q**3 - 28*q**2 - 14*q + 23. What is m(-14)?
219
Let d(m) = m**3 - 6*m**2 - m - 66. Give d(9).
168
Let v(x) = x**2 - x - 707. Give v(-25).
-57
Let i(c) = 31*c + 267. Calculate i(-14).
-167
Let u(m) = 2*m**2 + 25*m + 94. What is u(0)?
94
Let p(y) = 17*y - 808. What is p(48)?
8
Let d(n) = 3837*n**3 + 65227*n**2 - 33*n + 9. What is d(-17)?
-8
Let b(p) = -p**3 - 5*p**2 + 35*p - 332. Calculate b(-11).
9
Let h(r) = r**3 + 8*r**2 - 8*r - 26. Determine h(-9).
-35
Let o(b) = 56*b + 1042. Give o(-18).
34
Let s(p) = -2*p**2 + 51*p + 20. Calculate s(28).
-120
Let c(n) = 4*n**2 + 44*n - 166. Calculate c(3).
2
Let y(r) = 8*r**2 + r - 86. What is y(8)?
434
Let k(g) = 90*g + 2125. Calculate k(-23).
55
Let x(a) = -a**3 + 28*a**2 - 48*a - 3. What is x(2)?
5
Let l(o) = o**2 - 21*o + 6. Calculate l(10).
-104
Let t(j) = -j**2 + 8*j - 14. What is t(0)?
-14
Let l(g) = g**2 + 37*g + 234. Calculate l(-16).
-102
Let j(q) = q**3 + 18*q**2 - 690*q - 12770. Determine j(-19).
-21
Let d(w) = -17*w**3 - 2*w. Determine d(-2).
140
Let c(q) = q**2 - 13*q + 18. Calculate c(2).
-4
Let q(f) = 275*f**3 - 3*f**2 + 7*f - 4. Determine q(1).
275
Let z(i) = 5266*i + 5261. Give z(-1).
-5
Let h(q) = 2*q**2 - 13*q - 35. Determine h(-9).
244
Let z(s) = s**3 - 5*s**2 + 9*s - 9. Calculate z(6).
81
Let s(c) = -8*c - 288. Give s(-37).
8
Let h(a) = -1925*a + 3856. Determine h(2).
6
Let k(h) = -h**3 - 31*h**2 + 6*h + 2527. Determine k(-28).
7
Let u(m) = m**2 - 527*m + 52144. Give u(132).
4
Let g(s) = -5*s**2 - 40*s - 43. Give g(-11).
-208
Let u(j) = -111*j + 785. Calculate u(13).
-658
Let x(y) = 91*y + 2934. What is x(-32)?
22
Let f(i) = -6*i + 128. Calculate f(8).
80
Let m(q) = -8*q**2 + 1017*q - 4875. Determine m(5).
10
Let y(c) = c**3 - 51*c**2 - 37*c - 591. Give y(52).
189
Let k(a) = -3791*a - 11368. What is k(-3)?
5
Let k(t) = 47*t + 711. Calculate k(-15).
6
Let c(q) = -42*q + 1420. Determine c(17).
706
Let f(s) = -s**2 + 63*s - 960. Calculate f(24).
-24
Let k(z) = -6*z - 10. Determine k(23).
-148
Let s(j) = -1257*j + 1267. What is s(1)?
10
Let p(c) = -6*c**3 + 477*c**2 + 239*c + 80. Determine p(80).
0
Let w(q) = 7*q**3 - 10*q - 7. Give w(3).
152
Let l(g) = 3*g**2 + 329*g - 780. Give l(-112).
4
Let o(w) = 5883*w + 58837. What is o(-10)?
7
Let j(n) = -28*n + 1127. Give j(41).
-21
Let w(y) = -741*y**2 - 9635*y - 50. Give w(-13).
-24
Let g(w) = -w**3 - 13*w**2 + 18*w + 61. Determine g(-13).
-173
Let w(s) = -11*s + 1063. What is w(96)?
7
Let t(i) = 4*i**2 - 13*i + 51. Calculate t(9).
258
Let a(q) = q**3 + 14*q**2 - 10*q + 34. Determine a(-16).
-318
Let a(u) = 4*u**2 - 154*u + 1348. Calculate a(13).
22
Let t(s) = -11*s**2 + 21*s + 15. Calculate t(-7).
-671
Let i(t) = t**3 + 20*t**2 - 96*t - 38. Determine i(-23).
583
Let o(l) = 4*l**3 - 4*l**2 - 10*l - 13. What is o(-3)?
-127
Let k(u) = 472*u - 10398. Give k(22).
-14
Let v(i) = i**2 + 29*i + 38. Give v(-7).
-116
Let k(m) = -3*m**3 - 690*m**2 - 12*m - 2772. Determine k(-230).
-12
Let f(a) = a**3 - 4*a**2 + 14*a - 51. What is f(7)?
194
Let o(u) = 2*u**3 + 32*u**2 - 35*u - 12. Give o(-17).
5
Let d(f) = -11*f**2 - 248*f - 6. Determine d(-22).
126
Let k(h) = -h**3 + 29*h**2 + 57*h + 184. What is k(31)?
29
Let q(d) = -6*d**3 + 21*d**2 + 14*d - 7. Calculate q(-1).
6
Let y(n) = n**3 + 114*n**2 - 57. What is y(-114)?
-57
Let v(p) = 11*p**3 - 3. What is v(2)?
85
Let a(z) = -3*z**2 - 541*z + 11798. Determine a(-200).
-2
Let r(v) = 251*v + 12554. What is r(-50)?
4
Let m(a) = -a**3 - 3*a**2 - 108*a + 390. Calculate m(4).
-154
Let u(r) = 9*r**2 - 58*r + 2. What is u(5)?
-63
Let x(j) = 221*j + 4650. Calculate x(-21).
9
Let d(j) = -20*j - 373. Give d(-12).
-133
Let c(y) = 17*y + 464. What is c(-33)?
-97
Let f(b) = -b**2 - 21*b - 117. Give f(-11).
-7
Let o(x) = -91*x - 1933. Determine o(-21).
-22
Let i(u) = -u**3 - 21*u**2 + 41*u + 107. Give i(-22).
-311
Let g(y) = 45*y + 727. Calculate g(-15).
52
Let t(q) = -q + 69. Give t(-23).
92
Let m(x) = -692*x + 3422. What is m(5)?
-38
Let w(p) = p**2 - 18*p - 20. Calculate w(10).
-100
Let m(l) = -l**2 - 52*l + 354. Give m(-57).
69
Let s(x) = -x**3 + 23*x**2 - 88*x - 37. Determine s(18).
-1
Let j(v) = v**3 + 14*v**2 + 83*v + 546. What is j(-11)?
-4
Let u(t) = -t**3 + 2*t**2 + 18*t + 17. Determine u(-5).
102
Let v(n) = 43*n + 13. Determine v(-1).
-30
Let i(c) = c**2 - 9*c - 62. Determine i(0).
-62
Let h(z) = 3*z**2 + 28*z - 50. Determine h(-15).
205
Let a(p) = p**3 - 85*p**2 - 57*p - 2500. What is a(86)?
-6
Let b(x) = -x + 72. Determine b(-16).
88
Let v(d) = -31*d + 460. Give v(11).
119
Let s(o) = 157*o + 2679. What is s(-17)?
10
Let i(b) = b**3 + 2*b**2 - 103*b - 377. Give i(-4).
3
Let o(n) = -192*n + 10. Give o(1).
-182
Let l(i) = i**3 + 10*i**2 - 29*i - 136. Calculate l(-11).
62
Let s(n) = 298*n - 1851. Give s(6).
-63
Let d(z) = 94*z + 2455. What is d(-27)?
-83
Let h(m) = -531*m + 7961. What is h(15)?
-4
Let a(t) = 3*t**2 - 609*t - 11940. Determine a(221).
-6
Let o(z) = -4*z + 626. Determine o(47).
438
Let k(i) = -227*i + 1345. Give k(6).
-17
Let p(z) = -41*z - 892. Determine p(-19).
-113
Let b(y) = 40*y + 1467. Give b(-35).
67
Let a(f) = f**2 + 593*f - 3600. Calculate a(6).
-6
Let c(r) = 88*r - 1293. Determine c(26).
995
Let u(c) = 2*c**3 + 40*c**2 + 3*c + 88. Calculate u(-20).
28
Let y(f) = -f**2 + 24*f + 30. Determine y(27).
-51
Let w(u) = 2*u**3 + 20*u**2 - 54*u - 526. What is w(-10)?
14
Let k(v) = 4*v**2 - 3*v - 14. Calculate k(5).
71
Let i(c) = -30*c**2 - 19*c - 34. Give i(-2).
-116
Let f(l) = 24*l - 477. Calculate f(18).
-45
Let a(f) = -f**2 + 10*f - 34. Calculate a(8).
-18
Let u(n) = 3*n + 382. Give u(-7).
361
Let z(m) = 4*m**2 - 89*m - 54. Calculate z(23).
15
Let b(x) = 775*x - 15499. What is b(20)?
1
Let k(c) = 5*c**3 - 81*c**2 + 23*c - 90. What is k(16)?
22
Let p(l) = -l**3 + 48*l**2 + 47*l + 37. What is p(49)?
-61
Let m(o) = 91*o + 2819. Determine m(-31).
-2
Let y(t) = t**3 + t**2 + 22*t + 135. Determine y(-5).
-75
Let y(q) = q**3 - 60*q**2 - 324*q - 86. Calculate y(65).
-21
Let p(n) = n**3 - 16*n**2 + 16*n - 932. Determine p(18).
4
Let m(r) = -19*r**3 + 4*r**2 - 25*r + 20. Calculate m(1).
-20
Let j(k) = k**2 + 50*k + 501. Determine j(-15).
-24
Let g(u) = -28*u - 374. Determine g(-13).
-10
Let s(n) = 65*n**2 - 10*n + 33. Give s(3).
588
Let v(p) = p**2 - 54*p - 108. What is v(56)?
4
Let s(f) = f**2 - 40*f - 141. What is s(-3)?
-12
Let d(s) = -s**3 - 8*s**2 - 25*s - 136. Give d(-8).
64
Let p(u) = 3*u**3 + 29*u**2 + 10*u - 51. Calculate p(-8).
189
Let o(v) = -12*v**3 - 16*v**2 + 34*v + 2. Calculate o(2).
-90
Let i(x) = 17*x + 889. What is i(-51)?
22
Let u(s) = 5*s**2 - 76*s + 28. Give u(13).
-115
Let v(k) = 3*k**3 + 104*k**2 - 39*k - 136. What is v(-35)?
4
Let u(r) = -r**3 - 98*r**2 + 618*r - 631. What is u(-104)?
-7
Let z(v) = -43*v - 126. Determine z(-7).
175
Let t(z) = 69*z**3 + 415*z**2 - 15*z - 12. Determine t(-6).
114
Let c(g) = 48*g - 379. Give c(7).
-43
Let f(o) = -2139*o - 2138. Calculate f(-1).
1
Let a(w) = -w**2 - 35*w - 5. Give a(0).
-5
Let n(b) = -2*b**2 - 57*b + 275. Determine n(5).
-60
Let f(x) = -7*x**2 - 32*x - 35. Determine f(-7).
-154
Let n(g) = g**2 - 21*g - 